{"id":360,"date":"2025-02-23T11:12:39","date_gmt":"2025-02-23T10:12:39","guid":{"rendered":"https:\/\/cottage-landhaus-gite.vallonchene.fr\/politica-de-privacidad\/"},"modified":"2025-03-02T14:33:44","modified_gmt":"2025-03-02T13:33:44","slug":"politica-de-privacidad","status":"publish","type":"page","link":"https:\/\/cottage-landhaus-gite.vallonchene.fr\/es\/politica-de-privacidad\/","title":{"rendered":"Pol\u00edtica de privacidad"},"content":{"rendered":"\n<h2 class=\"wp-block-heading\">Qui\u00e9nes somos<\/h2>\n\n<p>La direcci\u00f3n de nuestro sitio web es: https:\/\/cottage-landhaus-gite.vallonchene.fr\/. V\u00e9ase tambi\u00e9n el <a href=\"https:\/\/cottage-landhaus-gite.vallonchene.fr\/es\/informacion-legal\/\">aviso legal<\/a>.<\/p>\n\n<h2 class=\"wp-block-heading\">Commentarios<\/h2>\n\n<p>Cuando los visitantes dejan comentarios en el sitio, recogemos los datos mostrados en el formulario de comentarios, as\u00ed como la direcci\u00f3n IP y la cadena del agente del navegador del visitante para ayudar en la detecci\u00f3n de spam. <\/p>\n\n<h2 class=\"wp-block-heading\">Medios<\/h2>\n\n<p>Si carga im\u00e1genes en el sitio web, debe evitar cargar im\u00e1genes con datos de ubicaci\u00f3n integrados (EXIF GPS). Los visitantes del sitio web pueden descargar y extraer cualquier dato de ubicaci\u00f3n de las im\u00e1genes en el sitio web.  <\/p>\n\n<h2 class=\"wp-block-heading\">Cookies<\/h2>\n\n<p>Si deja un comentario en nuestro sitio, puede optar por guardar su nombre, direcci\u00f3n de correo electr\u00f3nico y sitio web en cookies. Estos son para su conveniencia, para que no tenga que completar sus datos nuevamente cuando deje otro comentario. Estas cookies durar\u00e1n un a\u00f1o.  <\/p>\n\n<p>Si visita nuestra p\u00e1gina de inicio de sesi\u00f3n, estableceremos una cookie temporal para determinar si su navegador acepta cookies. Esta cookie no contiene datos personales y se elimina cuando cierra su navegador. <\/p>\n\n<p>Cuando inicie sesi\u00f3n, estableceremos varias cookies para guardar su informaci\u00f3n de inicio de sesi\u00f3n y sus opciones de visualizaci\u00f3n en pantalla. Las cookies de inicio de sesi\u00f3n duran dos d\u00edas y las cookies de opciones de pantalla duran un a\u00f1o. Si selecciona \u00abRecordarme\u00bb, su inicio de sesi\u00f3n persistir\u00e1 durante dos semanas. Si cierra sesi\u00f3n en su cuenta, se eliminar\u00e1n las cookies de inicio de sesi\u00f3n.   <\/p>\n\n<p>Si modifica o publica un art\u00edculo, se guardar\u00e1 una cookie adicional en su navegador. Esta cookie no contiene datos personales e indica simplemente el ID de la publicaci\u00f3n del art\u00edculo que acaba de modificar. Expira despu\u00e9s de un d\u00eda.   <\/p>\n\n<h2 class=\"wp-block-heading\">Contenido incrustado de otros sitios web<\/h2>\n\n<p>Los art\u00edculos de este sitio pueden incluir contenido incrustado (por ejemplo, videos, im\u00e1genes, art\u00edculos, etc.). El contenido incrustado de otros sitios web se comporta de la misma manera que si el visitante hubiera visitado el otro sitio web. <\/p>\n\n<p>Estos sitios web pueden recopilar datos sobre usted, usar cookies, incrustar un seguimiento adicional de terceros y monitorear su interacci\u00f3n con ese contenido incrustado, incluida la interacci\u00f3n con el contenido incrustado si tiene una cuenta y est\u00e1 conectado a ese sitio web. <\/p>\n\n<h2 class=\"wp-block-heading\">Con qui\u00e9n compartimos sus datos<\/h2>\n\n<p>Si solicita un restablecimiento de contrase\u00f1a, su direcci\u00f3n IP se incluir\u00e1 en el correo electr\u00f3nico de restablecimiento. <\/p>\n\n<h2 class=\"wp-block-heading\">Cu\u00e1nto tiempo conservamos sus datos<\/h2>\n\n<p>Si deja un comentario, el comentario y sus metadatos se conservan indefinidamente. Esto nos permite reconocer y aprobar autom\u00e1ticamente cualquier comentario de seguimiento en lugar de mantenerlos en una fila de moderaci\u00f3n. <\/p>\n\n<p>Para los usuarios que se registran en nuestro sitio web (si corresponde), tambi\u00e9n almacenamos la informaci\u00f3n personal que proporcionan en su perfil de usuario. Todos los usuarios pueden ver, modificar o eliminar su informaci\u00f3n personal en cualquier momento (excepto que no pueden cambiar su nombre de usuario). Los administradores del sitio web tambi\u00e9n pueden ver y modificar esta informaci\u00f3n.   <\/p>\n\n<h2 class=\"wp-block-heading\">Cu\u00e1les son sus derechos sobre sus datos<\/h2>\n\n<p>Si tiene una cuenta en este sitio o ha dejado comentarios, puede solicitar recibir un archivo exportado de los datos personales que tenemos sobre usted, incluidos todos los datos que nos haya proporcionado. Tambi\u00e9n puede solicitar que borremos todos los datos personales que tenemos sobre usted. Esto no incluye los datos que estamos obligados a conservar con fines administrativos, legales o de seguridad.   <\/p>\n\n<h2 class=\"wp-block-heading\">D\u00f3nde se env\u00edan sus datos<\/h2>\n\n<p>Los comentarios de los visitantes pueden ser verificados a trav\u00e9s de un servicio automatizado de detecci\u00f3n de spam.<\/p>\n","protected":false},"excerpt":{"rendered":"<p>Qui\u00e9nes somos La direcci\u00f3n de nuestro sitio web es: https:\/\/cottage-landhaus-gite.vallonchene.fr\/. V\u00e9ase tambi\u00e9n el aviso legal. Commentarios Cuando los visitantes dejan comentarios en el sitio, recogemos los datos mostrados en el formulario de comentarios, as\u00ed como la direcci\u00f3n IP y la cadena del agente del navegador del visitante para ayudar en la detecci\u00f3n de spam. Medios [&hellip;]<\/p>\n","protected":false},"author":1,"featured_media":0,"parent":0,"menu_order":0,"comment_status":"closed","ping_status":"open","template":"","meta":{"footnotes":""},"class_list":["post-360","page","type-page","status-publish","hentry"],"yoast_head":"<!-- This site is optimized with the Yoast SEO plugin v26.5 - https:\/\/yoast.com\/wordpress\/plugins\/seo\/ -->\n<title>Pol\u00edtica de privacidad - Casa de Campo<\/title>\n<meta name=\"robots\" content=\"index, follow, max-snippet:-1, max-image-preview:large, max-video-preview:-1\" \/>\n<link rel=\"canonical\" href=\"https:\/\/cottage-landhaus-gite.vallonchene.fr\/es\/politica-de-privacidad\/\" \/>\n<meta property=\"og:locale\" content=\"es_ES\" \/>\n<meta property=\"og:type\" content=\"article\" \/>\n<meta property=\"og:title\" content=\"Pol\u00edtica de privacidad - Casa de Campo\" \/>\n<meta property=\"og:description\" content=\"Qui\u00e9nes somos La direcci\u00f3n de nuestro sitio web es: https:\/\/cottage-landhaus-gite.vallonchene.fr\/. V\u00e9ase tambi\u00e9n el aviso legal. Commentarios Cuando los visitantes dejan comentarios en el sitio, recogemos los datos mostrados en el formulario de comentarios, as\u00ed como la direcci\u00f3n IP y la cadena del agente del navegador del visitante para ayudar en la detecci\u00f3n de spam. Medios [&hellip;]\" \/>\n<meta property=\"og:url\" content=\"https:\/\/cottage-landhaus-gite.vallonchene.fr\/es\/politica-de-privacidad\/\" \/>\n<meta property=\"og:site_name\" content=\"Casa de Campo\" \/>\n<meta property=\"article:modified_time\" content=\"2025-03-02T13:33:44+00:00\" \/>\n<meta name=\"twitter:card\" content=\"summary_large_image\" \/>\n<meta name=\"twitter:label1\" content=\"Tiempo de lectura\" \/>\n\t<meta name=\"twitter:data1\" content=\"3 minutos\" \/>\n<script type=\"application\/ld+json\" class=\"yoast-schema-graph\">{\"@context\":\"https:\/\/schema.org\",\"@graph\":[{\"@type\":\"WebPage\",\"@id\":\"https:\/\/cottage-landhaus-gite.vallonchene.fr\/es\/politica-de-privacidad\/\",\"url\":\"https:\/\/cottage-landhaus-gite.vallonchene.fr\/es\/politica-de-privacidad\/\",\"name\":\"Pol\u00edtica de privacidad - Casa de Campo\",\"isPartOf\":{\"@id\":\"https:\/\/cottage-landhaus-gite.vallonchene.fr\/es\/#website\"},\"datePublished\":\"2025-02-23T10:12:39+00:00\",\"dateModified\":\"2025-03-02T13:33:44+00:00\",\"breadcrumb\":{\"@id\":\"https:\/\/cottage-landhaus-gite.vallonchene.fr\/es\/politica-de-privacidad\/#breadcrumb\"},\"inLanguage\":\"es\",\"potentialAction\":[{\"@type\":\"ReadAction\",\"target\":[\"https:\/\/cottage-landhaus-gite.vallonchene.fr\/es\/politica-de-privacidad\/\"]}]},{\"@type\":\"BreadcrumbList\",\"@id\":\"https:\/\/cottage-landhaus-gite.vallonchene.fr\/es\/politica-de-privacidad\/#breadcrumb\",\"itemListElement\":[{\"@type\":\"ListItem\",\"position\":1,\"name\":\"Accueil\",\"item\":\"https:\/\/cottage-landhaus-gite.vallonchene.fr\/es\/\"},{\"@type\":\"ListItem\",\"position\":2,\"name\":\"Pol\u00edtica de privacidad\"}]},{\"@type\":\"WebSite\",\"@id\":\"https:\/\/cottage-landhaus-gite.vallonchene.fr\/es\/#website\",\"url\":\"https:\/\/cottage-landhaus-gite.vallonchene.fr\/es\/\",\"name\":\"Casa de Campo\",\"description\":\"\",\"publisher\":{\"@id\":\"https:\/\/cottage-landhaus-gite.vallonchene.fr\/es\/#organization\"},\"potentialAction\":[{\"@type\":\"SearchAction\",\"target\":{\"@type\":\"EntryPoint\",\"urlTemplate\":\"https:\/\/cottage-landhaus-gite.vallonchene.fr\/es\/?s={search_term_string}\"},\"query-input\":{\"@type\":\"PropertyValueSpecification\",\"valueRequired\":true,\"valueName\":\"search_term_string\"}}],\"inLanguage\":\"es\"},{\"@type\":\"Organization\",\"@id\":\"https:\/\/cottage-landhaus-gite.vallonchene.fr\/es\/#organization\",\"name\":\"Casa de Campo\",\"url\":\"https:\/\/cottage-landhaus-gite.vallonchene.fr\/es\/\",\"logo\":{\"@type\":\"ImageObject\",\"inLanguage\":\"es\",\"@id\":\"https:\/\/cottage-landhaus-gite.vallonchene.fr\/es\/#\/schema\/logo\/image\/\",\"url\":\"https:\/\/cottage-landhaus-gite.vallonchene.fr\/wp-content\/uploads\/2025\/02\/Logo-du-gite-de-Vallonchene-avec-fond-transparent.png\",\"contentUrl\":\"https:\/\/cottage-landhaus-gite.vallonchene.fr\/wp-content\/uploads\/2025\/02\/Logo-du-gite-de-Vallonchene-avec-fond-transparent.png\",\"width\":683,\"height\":728,\"caption\":\"Casa de Campo\"},\"image\":{\"@id\":\"https:\/\/cottage-landhaus-gite.vallonchene.fr\/es\/#\/schema\/logo\/image\/\"}}]}<\/script>\n<!-- \/ Yoast SEO plugin. -->","yoast_head_json":{"title":"Pol\u00edtica de privacidad - Casa de Campo","robots":{"index":"index","follow":"follow","max-snippet":"max-snippet:-1","max-image-preview":"max-image-preview:large","max-video-preview":"max-video-preview:-1"},"canonical":"https:\/\/cottage-landhaus-gite.vallonchene.fr\/es\/politica-de-privacidad\/","og_locale":"es_ES","og_type":"article","og_title":"Pol\u00edtica de privacidad - Casa de Campo","og_description":"Qui\u00e9nes somos La direcci\u00f3n de nuestro sitio web es: https:\/\/cottage-landhaus-gite.vallonchene.fr\/. V\u00e9ase tambi\u00e9n el aviso legal. Commentarios Cuando los visitantes dejan comentarios en el sitio, recogemos los datos mostrados en el formulario de comentarios, as\u00ed como la direcci\u00f3n IP y la cadena del agente del navegador del visitante para ayudar en la detecci\u00f3n de spam. Medios [&hellip;]","og_url":"https:\/\/cottage-landhaus-gite.vallonchene.fr\/es\/politica-de-privacidad\/","og_site_name":"Casa de Campo","article_modified_time":"2025-03-02T13:33:44+00:00","twitter_card":"summary_large_image","twitter_misc":{"Tiempo de lectura":"3 minutos"},"schema":{"@context":"https:\/\/schema.org","@graph":[{"@type":"WebPage","@id":"https:\/\/cottage-landhaus-gite.vallonchene.fr\/es\/politica-de-privacidad\/","url":"https:\/\/cottage-landhaus-gite.vallonchene.fr\/es\/politica-de-privacidad\/","name":"Pol\u00edtica de privacidad - Casa de Campo","isPartOf":{"@id":"https:\/\/cottage-landhaus-gite.vallonchene.fr\/es\/#website"},"datePublished":"2025-02-23T10:12:39+00:00","dateModified":"2025-03-02T13:33:44+00:00","breadcrumb":{"@id":"https:\/\/cottage-landhaus-gite.vallonchene.fr\/es\/politica-de-privacidad\/#breadcrumb"},"inLanguage":"es","potentialAction":[{"@type":"ReadAction","target":["https:\/\/cottage-landhaus-gite.vallonchene.fr\/es\/politica-de-privacidad\/"]}]},{"@type":"BreadcrumbList","@id":"https:\/\/cottage-landhaus-gite.vallonchene.fr\/es\/politica-de-privacidad\/#breadcrumb","itemListElement":[{"@type":"ListItem","position":1,"name":"Accueil","item":"https:\/\/cottage-landhaus-gite.vallonchene.fr\/es\/"},{"@type":"ListItem","position":2,"name":"Pol\u00edtica de privacidad"}]},{"@type":"WebSite","@id":"https:\/\/cottage-landhaus-gite.vallonchene.fr\/es\/#website","url":"https:\/\/cottage-landhaus-gite.vallonchene.fr\/es\/","name":"Casa de Campo","description":"","publisher":{"@id":"https:\/\/cottage-landhaus-gite.vallonchene.fr\/es\/#organization"},"potentialAction":[{"@type":"SearchAction","target":{"@type":"EntryPoint","urlTemplate":"https:\/\/cottage-landhaus-gite.vallonchene.fr\/es\/?s={search_term_string}"},"query-input":{"@type":"PropertyValueSpecification","valueRequired":true,"valueName":"search_term_string"}}],"inLanguage":"es"},{"@type":"Organization","@id":"https:\/\/cottage-landhaus-gite.vallonchene.fr\/es\/#organization","name":"Casa de Campo","url":"https:\/\/cottage-landhaus-gite.vallonchene.fr\/es\/","logo":{"@type":"ImageObject","inLanguage":"es","@id":"https:\/\/cottage-landhaus-gite.vallonchene.fr\/es\/#\/schema\/logo\/image\/","url":"https:\/\/cottage-landhaus-gite.vallonchene.fr\/wp-content\/uploads\/2025\/02\/Logo-du-gite-de-Vallonchene-avec-fond-transparent.png","contentUrl":"https:\/\/cottage-landhaus-gite.vallonchene.fr\/wp-content\/uploads\/2025\/02\/Logo-du-gite-de-Vallonchene-avec-fond-transparent.png","width":683,"height":728,"caption":"Casa de Campo"},"image":{"@id":"https:\/\/cottage-landhaus-gite.vallonchene.fr\/es\/#\/schema\/logo\/image\/"}}]}},"_links":{"self":[{"href":"https:\/\/cottage-landhaus-gite.vallonchene.fr\/es\/wp-json\/wp\/v2\/pages\/360","targetHints":{"allow":["GET"]}}],"collection":[{"href":"https:\/\/cottage-landhaus-gite.vallonchene.fr\/es\/wp-json\/wp\/v2\/pages"}],"about":[{"href":"https:\/\/cottage-landhaus-gite.vallonchene.fr\/es\/wp-json\/wp\/v2\/types\/page"}],"author":[{"embeddable":true,"href":"https:\/\/cottage-landhaus-gite.vallonchene.fr\/es\/wp-json\/wp\/v2\/users\/1"}],"replies":[{"embeddable":true,"href":"https:\/\/cottage-landhaus-gite.vallonchene.fr\/es\/wp-json\/wp\/v2\/comments?post=360"}],"version-history":[{"count":0,"href":"https:\/\/cottage-landhaus-gite.vallonchene.fr\/es\/wp-json\/wp\/v2\/pages\/360\/revisions"}],"wp:attachment":[{"href":"https:\/\/cottage-landhaus-gite.vallonchene.fr\/es\/wp-json\/wp\/v2\/media?parent=360"}],"curies":[{"name":"wp","href":"https:\/\/api.w.org\/{rel}","templated":true}]}}

Política de privacidad

<h2 class="wp-block-heading">Quiénes somos</h2>

<p>La dirección de nuestro sitio web es: https://cottage-landhaus-gite.vallonchene.fr/. Véase también el <a href="https://cottage-landhaus-gite.vallonchene.fr/es/informacion-legal/">aviso legal</a>.</p>

<h2 class="wp-block-heading">Commentarios</h2>

<p>Cuando los visitantes dejan comentarios en el sitio, recogemos los datos mostrados en el formulario de comentarios, así como la dirección IP y la cadena del agente del navegador del visitante para ayudar en la detección de spam. </p>

<h2 class="wp-block-heading">Medios</h2>

<p>Si carga imágenes en el sitio web, debe evitar cargar imágenes con datos de ubicación integrados (EXIF GPS). Los visitantes del sitio web pueden descargar y extraer cualquier dato de ubicación de las imágenes en el sitio web.  </p>

<h2 class="wp-block-heading">Cookies</h2>

<p>Si deja un comentario en nuestro sitio, puede optar por guardar su nombre, dirección de correo electrónico y sitio web en cookies. Estos son para su conveniencia, para que no tenga que completar sus datos nuevamente cuando deje otro comentario. Estas cookies durarán un año.  </p>

<p>Si visita nuestra página de inicio de sesión, estableceremos una cookie temporal para determinar si su navegador acepta cookies. Esta cookie no contiene datos personales y se elimina cuando cierra su navegador. </p>

<p>Cuando inicie sesión, estableceremos varias cookies para guardar su información de inicio de sesión y sus opciones de visualización en pantalla. Las cookies de inicio de sesión duran dos días y las cookies de opciones de pantalla duran un año. Si selecciona «Recordarme», su inicio de sesión persistirá durante dos semanas. Si cierra sesión en su cuenta, se eliminarán las cookies de inicio de sesión.   </p>

<p>Si modifica o publica un artículo, se guardará una cookie adicional en su navegador. Esta cookie no contiene datos personales e indica simplemente el ID de la publicación del artículo que acaba de modificar. Expira después de un día.   </p>

<h2 class="wp-block-heading">Contenido incrustado de otros sitios web</h2>

<p>Los artículos de este sitio pueden incluir contenido incrustado (por ejemplo, videos, imágenes, artículos, etc.). El contenido incrustado de otros sitios web se comporta de la misma manera que si el visitante hubiera visitado el otro sitio web. </p>

<p>Estos sitios web pueden recopilar datos sobre usted, usar cookies, incrustar un seguimiento adicional de terceros y monitorear su interacción con ese contenido incrustado, incluida la interacción con el contenido incrustado si tiene una cuenta y está conectado a ese sitio web. </p>

<h2 class="wp-block-heading">Con quién compartimos sus datos</h2>

<p>Si solicita un restablecimiento de contraseña, su dirección IP se incluirá en el correo electrónico de restablecimiento. </p>

<h2 class="wp-block-heading">Cuánto tiempo conservamos sus datos</h2>

<p>Si deja un comentario, el comentario y sus metadatos se conservan indefinidamente. Esto nos permite reconocer y aprobar automáticamente cualquier comentario de seguimiento en lugar de mantenerlos en una fila de moderación. </p>

<p>Para los usuarios que se registran en nuestro sitio web (si corresponde), también almacenamos la información personal que proporcionan en su perfil de usuario. Todos los usuarios pueden ver, modificar o eliminar su información personal en cualquier momento (excepto que no pueden cambiar su nombre de usuario). Los administradores del sitio web también pueden ver y modificar esta información.   </p>

<h2 class="wp-block-heading">Cuáles son sus derechos sobre sus datos</h2>

<p>Si tiene una cuenta en este sitio o ha dejado comentarios, puede solicitar recibir un archivo exportado de los datos personales que tenemos sobre usted, incluidos todos los datos que nos haya proporcionado. También puede solicitar que borremos todos los datos personales que tenemos sobre usted. Esto no incluye los datos que estamos obligados a conservar con fines administrativos, legales o de seguridad.   </p>

<h2 class="wp-block-heading">Dónde se envían sus datos</h2>

<p>Los comentarios de los visitantes pueden ser verificados a través de un servicio automatizado de detección de spam.</p>

<p>Quiénes somos La dirección de nuestro sitio web es: https://cottage-landhaus-gite.vallonchene.fr/. Véase también el aviso legal. Commentarios Cuando los visitantes dejan comentarios en el sitio, recogemos los datos mostrados en el formulario de comentarios, así como la dirección IP y la cadena del agente del navegador del visitante para ayudar en la detección de spam. Medios [&hellip;]</p>

<!-- This site is optimized with the Yoast SEO plugin v26.5 - https://yoast.com/wordpress/plugins/seo/ -->
<title>Política de privacidad - Casa de Campo</title>
<meta name="robots" content="index, follow, max-snippet:-1, max-image-preview:large, max-video-preview:-1" />
<link rel="canonical" href="https://cottage-landhaus-gite.vallonchene.fr/es/politica-de-privacidad/" />
<meta property="og:locale" content="es_ES" />
<meta property="og:type" content="article" />
<meta property="og:title" content="Política de privacidad - Casa de Campo" />
<meta property="og:description" content="Quiénes somos La dirección de nuestro sitio web es: https://cottage-landhaus-gite.vallonchene.fr/. Véase también el aviso legal. Commentarios Cuando los visitantes dejan comentarios en el sitio, recogemos los datos mostrados en el formulario de comentarios, así como la dirección IP y la cadena del agente del navegador del visitante para ayudar en la detección de spam. Medios [&hellip;]" />
<meta property="og:url" content="https://cottage-landhaus-gite.vallonchene.fr/es/politica-de-privacidad/" />
<meta property="og:site_name" content="Casa de Campo" />
<meta property="article:modified_time" content="2025-03-02T13:33:44+00:00" />
<meta name="twitter:card" content="summary_large_image" />
<meta name="twitter:label1" content="Tiempo de lectura" />
	<meta name="twitter:data1" content="3 minutos" />
<script type="application/ld+json" class="yoast-schema-graph">{"@context":"https://schema.org","@graph":[{"@type":"WebPage","@id":"https://cottage-landhaus-gite.vallonchene.fr/es/politica-de-privacidad/","url":"https://cottage-landhaus-gite.vallonchene.fr/es/politica-de-privacidad/","name":"Política de privacidad - Casa de Campo","isPartOf":{"@id":"https://cottage-landhaus-gite.vallonchene.fr/es/#website"},"datePublished":"2025-02-23T10:12:39+00:00","dateModified":"2025-03-02T13:33:44+00:00","breadcrumb":{"@id":"https://cottage-landhaus-gite.vallonchene.fr/es/politica-de-privacidad/#breadcrumb"},"inLanguage":"es","potentialAction":[{"@type":"ReadAction","target":["https://cottage-landhaus-gite.vallonchene.fr/es/politica-de-privacidad/"]}]},{"@type":"BreadcrumbList","@id":"https://cottage-landhaus-gite.vallonchene.fr/es/politica-de-privacidad/#breadcrumb","itemListElement":[{"@type":"ListItem","position":1,"name":"Accueil","item":"https://cottage-landhaus-gite.vallonchene.fr/es/"},{"@type":"ListItem","position":2,"name":"Política de privacidad"}]},{"@type":"WebSite","@id":"https://cottage-landhaus-gite.vallonchene.fr/es/#website","url":"https://cottage-landhaus-gite.vallonchene.fr/es/","name":"Casa de Campo","description":"","publisher":{"@id":"https://cottage-landhaus-gite.vallonchene.fr/es/#organization"},"potentialAction":[{"@type":"SearchAction","target":{"@type":"EntryPoint","urlTemplate":"https://cottage-landhaus-gite.vallonchene.fr/es/?s={search_term_string}"},"query-input":{"@type":"PropertyValueSpecification","valueRequired":true,"valueName":"search_term_string"}}],"inLanguage":"es"},{"@type":"Organization","@id":"https://cottage-landhaus-gite.vallonchene.fr/es/#organization","name":"Casa de Campo","url":"https://cottage-landhaus-gite.vallonchene.fr/es/","logo":{"@type":"ImageObject","inLanguage":"es","@id":"https://cottage-landhaus-gite.vallonchene.fr/es/#/schema/logo/image/","url":"https://cottage-landhaus-gite.vallonchene.fr/wp-content/uploads/2025/02/Logo-du-gite-de-Vallonchene-avec-fond-transparent.png","contentUrl":"https://cottage-landhaus-gite.vallonchene.fr/wp-content/uploads/2025/02/Logo-du-gite-de-Vallonchene-avec-fond-transparent.png","width":683,"height":728,"caption":"Casa de Campo"},"image":{"@id":"https://cottage-landhaus-gite.vallonchene.fr/es/#/schema/logo/image/"}}]}</script>
<!-- / Yoast SEO plugin. -->

Política de privacidad - Casa de Campo

Quiénes somos La dirección de nuestro sitio web es: https://cottage-landhaus-gite.vallonchene.fr/. Véase también el aviso legal. Commentarios Cuando los visitantes dejan comentarios en el sitio, recogemos los datos mostrados en el formulario de comentarios, así como la dirección IP y la cadena del agente del navegador del visitante para ayudar en la detección de spam. Medios [&hellip;]
